ltiple of 423?
True
Is 2418806 a multiple of 26?
True
Is 22 a factor of 553234?
True
Is 4 a factor of 18840?
True
Is 3250273 a multiple of 247?
True
Is 860448 a multiple of 6?
True
Is 1360520 a multiple of 8?
True
Does 21 divide 38735?
False
Is 2835471 a multiple of 27?
False
Is 3666246 a multiple of 174?
False
Is 14 a factor of 13566?
True
Is 181645 a multiple of 85?
True
Does 101 divide 141804?
True
Does 12 divide 3136404?
True
Is 199 a factor of 1520758?
True
Is 810 a factor of 2543253?
False
Is 820026 a multiple of 45?
False
Is 97 a factor of 137962?
False
Is 142 a factor of 1687610?
False
Is 5181336 a multiple of 12?
True
Does 13 divide 4865414?
False
Is 39 a factor of 127305?
False
Is 220 a factor of 6095760?
True
Is 118 a factor of 217238?
True
Does 33 divide 2801436?
True
Is 716642 a multiple of 119?
False
Does 5 divide 252630?
True
Is 306 a factor of 472158?
True
Does 21 divide 3938314?
False
Is 63 a factor of 405966?
False
Is 224338 a multiple of 141?
False
Is 13771788 a multiple of 1644?
True
Does 118 divide 32461?
False
Is 168 a factor of 12773331?
False
Does 20 divide 120200?
True
Is 18 a factor of 122224?
False
Is 12 a factor of 171711?
False
Does 376 divide 838480?
True
Is 553 a factor of 10008747?
True
Does 913 divide 2287065?
True
Is 866657 a multiple of 23?
False
Is 3 a factor of 36136?
False
Does 315 divide 6795491?
False
Does 13 divide 14115?
False
Is 11 a factor of 1191080?
True
Does 9 divide 4453998?
False
Is 28586 a multiple of 4?
False
Is 73500 a multiple of 210?
True
Does 110 divide 213649?
False
Is 1761964 a multiple of 103?
False
Is 21 a factor of 577276?
False
Is 316 a factor of 2263536?
False
Does 46 divide 64001?
False
Is 33 a factor of 4217?
False
Is 10 a factor of 76479?
False
Is 25 a factor of 1130285?
False
Does 41 divide 9038163?
True
Does 22 divide 1976054?
False
Does 16 divide 2284214?
False
Is 467 a factor of 188692?
False
Does 11 divide 231430?
False
Does 27 divide 232902?
True
Is 869850 a multiple of 2?
True
Does 4 divide 2832?
True
Is 19 a factor of 256595?
True
Does 11 divide 1172080?
False
Is 113 a factor of 162607?
True
Does 240 divide 1114358?
False
Is 30459 a multiple of 71?
True
Is 106 a factor of 1039966?
True
Does 97 divide 100145?
False
Does 26 divide 119919?
False
Is 2352496 a multiple of 12?
False
Does 10 divide 77820?
True
Does 471 divide 1732617?
False
Does 12 divide 1235885?
False
Does 7 divide 71264?
False
Is 5307798 a multiple of 148?
False
Does 843 divide 16894563?
True
Is 61 a factor of 116947?
False
Is 221293 a multiple of 15?
False
Is 237 a factor of 113179?
False
Is 31 a factor of 123166?
False
Does 202 divide 734068?
True
Does 257 divide 297740?
False
Is 19 a factor of 466185?
False
Is 8 a factor of 542392?
True
Does 38 divide 6308?
True
Is 339792 a multiple of 48?
True
Is 17367 a multiple of 3?
True
Does 73 divide 224057?
False
Is 66321 a multiple of 8?
False
Is 211843 a multiple of 165?
False
Does 54 divide 87298?
False
Does 18 divide 653090?
False
Does 58 divide 2534194?
True
Does 16 divide 9423256?
False
Is 38 a factor of 18810190?
True
Is 33 a factor of 84638?
False
Is 2065425 a multiple of 18?
False
Does 41 divide 2734167?
True
Is 338 a factor of 4801290?
True
Does 2 divide 90670?
True
Does 126 divide 399672?
True
Is 75278 a multiple of 38?
True
Does 5 divide 2019062?
False
Is 17 a factor of 3607774?
True
Does 64 divide 2312149?
False
Is 29 a factor of 50953?
True
Does 493 divide 180970?
False
Is 20894 a multiple of 6?
False
Is 335964 a multiple of 97?
False
Is 3 a factor of 50349?
True
Is 283398 a multiple of 447?
True
Is 44820 a multiple of 6?
True
Is 641832 a multiple of 7?
False
Is 798 a factor of 2771397?
False
Is 8 a factor of 2265788?
False
Is 658800 a multiple of 9?
True
Is 10 a factor of 937260?
True
Is 285246 a multiple of 58?
False
Is 219 a factor of 1638573?
False
Does 23 divide 34304216?
False
Is 125926 a multiple of 277?
False
Does 159 divide 72504?
True
Is 9603189 a multiple of 1893?
True
Does 181 divide 3396183?
False
Is 11 a factor of 228547?
True
Is 1186448 a multiple of 116?
True
Is 133089 a multiple of 37?
True
Is 30 a factor of 407130?
True
Is 66 a factor of 4217660?
False
Does 28 divide 645120?
True
Is 4580780 a multiple of 21?
False
Does 1519 divide 5764605?
True
Is 4835744 a multiple of 5?
False
Is 4167631 a multiple of 10?
False
Does 36 divide 250884?
True
Is 8 a factor of 3089832?
True
Does 26 divide 232837?
False
Is 6 a factor of 119538?
True
Is 458670 a multiple of 75?
False
Is 119 a factor of 1990513?
True
Does 14 divide 5788541?
False
Is 129 a factor of 16170537?
True
Is 141897 a multiple of 34?
False
Does 312 divide 2582424?
True
Does 77 divide 42343?
False
Is 59122 a multiple of 9?
False
Is 5806121 a multiple of 35?
False
Does 36 divide 407179?
False
Is 275 a factor of 354603?
False
Is 58 a factor of 9470994?
True
Is 4099214 a multiple of 14?
True
Does 127 divide 56004?
False
Is 223 a factor of 956636?
False
Is 8 a factor of 4250?
False
Is 1766272 a multiple of 409?
False
Is 868332 a multiple of 1076?
True
Is 43 a factor of 505265?
False
Is 351610 a multiple of 14?
True
Is 69 a factor of 17938?
False
Is 1893 a factor of 6428471?
False
Is 6 a factor of 15689009?
False
Is 45 a factor of 2196533?
False
Is 34672 a multiple of 9?
False
Is 72027 a multiple of 53?
True
Is 9 a factor of 228915?
True
Is 65 a factor of 182238?
False
Is 3163959 a multiple of 738?
False
Is 823 a factor of 394293?
False
Is 130903 a multiple of 104?
False
Is 1397981 a multiple of 685?
False
Does 154 divide 3559094?
True
Is 153 a factor of 4131612?
True
Is 31 a factor of 286502?
True
Is 193 a factor of 187596?
True
Is 217 a factor of 391685?
True
Is 801 a factor of 2370159?
True
Is 3 a factor of 222366?
True
Is 915180 a multiple of 21?
True
Is 107040 a multiple of 24?
True
Is 4063 a multiple of 3?
False
Is 72 a factor of 3649248?
True
Is 651049 a multiple of 12?
False
Is 922484 a multiple of 41?
False
Does 32 divide 445120?
True
Is 18 a factor of 229921?
False
Does 3 divide 4843301?
False
Is 513579 a multiple of 237?
True
Is 86634 a multiple of 47?
False
Is 83838 a multiple of 89?
True
Is 4 a factor of 157072?
True
Is 5189424 a multiple of 8?
True
Does 6 divide 81027?
False
Is 84 a factor of 55882?
False
Does 39 divide 55738?
False
Does 101 divide 11312?
True
Is 71906 a multiple of 314?
True
Is 65 a factor of 8761425?
False
Is 427287 a multiple of 3?
True
Is 425705 a multiple of 28?
False
Is 128 a factor of 48869?
False
Is 3596478 a multiple of 30?
False
Is 33503 a multiple of 29?
False
Does 22 divide 1099380?
False
Is 23 a factor of 12196118?
True
Does 24 divide 394176?
True
Is 434 a factor of 972594?
True
Is 261 a factor of 42282?
True
Does 10 divide 11325680?
True
Is 14 a factor of 103614?
True
Is 39415 a multiple of 24?
False
Is 24 a factor of 2310579?
False
Does 207 divide 10204756?
False
Does 17 divide 330729?
False
Is 583042 a multiple of 166?
False
Is 11738 a multiple of 162?
False
Is 769 a factor of 13559214?
False
Is 176 a factor of 2721488?
True
Is 240336 a multiple of 18?
True
Does 22 divide 38480?
False
Is 27497042 a multiple of 216?
False
Is 1660370 a multiple of 46?
True
Is 628252 a multiple of 166?
False
Is 4 a factor of 2890456?
True
Does 31 divide 79583?
False
Is 649 a factor of 1617957?
True
Is 9 a factor of 1793556?
True
Does 27 divide 1211718?
False
Is 75 a factor of 6016527?
False
Is 1367902 a multiple of 262?
True
Is 312543 a multiple of 21?
True
Does 59 divide 144073?
False
Is 179 a factor of 368649?
False
Is 319395 a multiple of 11?
False
Does 98 divide 659036?
False
Is 785 a factor of 440790?
False
Is 8 a factor of 737328?
True
Is 22665 a multiple of 13?
False
Does 46 divide 1166557?
False
Does 71 divide 2819339?
True
Is 1776606 a multiple of 221?
False
Is 538479 a multiple of 152?
False
Is 29 a factor of 82215?
True
Is 36 a factor of 245484?
True
Is 101210 a multiple of 145?
True
Is 215789 a multiple of 203?
True
Is 2323845 a multiple of 45?
True
Does 248 divide 2374972?
False
Is 222623 a multiple of 11?
False
Is 659982 a multiple of 29?
True
Is 8 a factor of 3631394?
False
Does 24 divide 196283?
False
Does 312 divide 114816?
True
Is 60 a factor of 1252800?
True
Does 9 divide 1520120?
False
Does 405 divide 815499?
False
Does 2 divide 25184?
Tru